visor of a and i?
17
Let i = 5480 - -890. Let n be (i/104)/(1/4). Calculate the highest common divisor of 98 and n.
49
Let v(k) = 101*k - 3626. Let u be v(43). What is the greatest common divisor of 18 and u?
3
Suppose 18 = 3*j + 3*d, -6*d = 5*j - 3*d - 36. Let m = 38032 - 37807. Calculate the greatest common factor of m and j.
9
Let h(l) = -l**2 - 14*l - 13. Let s be h(-15). Let g = 38 + s. Let b = g + 24. Calculate the highest common factor of 136 and b.
34
Suppose -3*j - 4*q - 5 = -1, q = -j. Suppose -j*z + 126 = 6. Calculate the highest common factor of 42 and z.
6
Let s(t) = 48*t**2 + 6*t - 6. Let y be s(-6). Let v be (-4)/10 - y/(-15). Let c = -17618 + 17632. What is the greatest common divisor of v and c?
14
Let x be -2 - ((-1)/4 - (-67)/(-4)). Suppose -5*n + x = 0, n + 3*n + 28 = 2*o. Calculate the greatest common divisor of 220 and o.
20
Let y(v) = 2*v**2 - 3*v - 368. Let g be y(17). What is the highest common factor of g and 4?
1
Let f(d) = 56*d + 118. Let o be f(-2). What is the highest common divisor of 6 and o?
6
Suppose 0 = -7*n - 71980 + 301783. Calculate the greatest common divisor of 93 and n.
93
Suppose 0 = 2318*h - 2322*h + 4*n + 64912, 5*n = -2*h + 32470. Calculate the highest common factor of 12 and h.
6
Suppose 5*o + 156 = v, -3*v - 2*o + 328 = 3*o. What is the greatest common divisor of 748 and v?
11
Suppose -2*p - 80 = -7*p. Let a = 32882 + -32754. What is the greatest common divisor of p and a?
16
Suppose 3*o = -o + 144. Let w(y) = y**3 - 57*y**2 - 234*y - 262. Let p be w(61). What is the highest common divisor of o and p?
12
Let a(l) = 2 - 7*l**2 - 8*l - l**2 - l**3 - 3*l**2 - 6*l**2 + 13*l**2. Let f be a(-4). Calculate the greatest common factor of f and 578.
34
Let g(b) = -b**3 + 2*b**2 + 9*b - 2. Let l be g(4). Suppose 4*m = 2 + l. Let f be 48*((m - 12/16) + 1). Calculate the highest common divisor of f and 24.
12
Let j be 3/12*(-24)/(-2). Let i(n) = 5 + 0*n - j*n - 4 + 8. Let k be i(-5). What is the greatest common divisor of 12 and k?
12
Suppose 4*q - 3 = l, -3*l - 5 - 4 = 2*q. Let o = 35 - -6. Suppose q = -3*x + 2*p + o, 3*p = -x - 3 + 2. Calculate the highest common divisor of 22 and x.
11
Suppose -2*a - 15*a = -340. Let i(j) = j**3 + 6*j**2 + 6. Let w be i(-6). Let u be ((-33)/22)/(w/(-20)). Calculate the greatest common divisor of a and u.
5
Let l be (-1)/(-2)*(1 + 9/1). Suppose -3*v - 60 = 2*c - l*v, -2*v = -5*c - 144. Let m = c + 35. What is the highest common factor of 14 and m?
7
Let c = -12 + 21. Suppose 10*b = c*b + 4. Let p be (-4 - (-16)/12)*(1 - b). Calculate the highest common factor of 1 and p.
1
Suppose 4*o = -5*m + 113 + 127, -4*o + m = -240. Suppose 0 = -87*z - 3096 + 3444. What is the highest common factor of o and z?
4
Suppose 0 = 17*g - 128*g + 33757 + 127859. What is the greatest common divisor of g and 168?
56
Let x(h) = 431*h - 19390. Let o be x(45). Calculate the greatest common divisor of o and 3305.
5
Suppose -m + 439 - 36 = 0. Suppose 126*d = 153*d - 1674. Calculate the greatest common factor of m and d.
31
Suppose -21 = 3*y, -30*y + 124 = 6*c - 34*y. What is the highest common factor of c and 436?
4
Let g = 554 + -379. Let m = g - 66. Let c = m - 69. Calculate the greatest common divisor of c and 100.
20
Let y be (4/(-9)*(-24354)/492)/((-2)/(-20)). What is the greatest common factor of 2970 and y?
110
Suppose -2*b + 4*s + 632 = 0, b - 4*s = -0*b + 310. Suppose 4*d + j - b = 2*d, 2*d - 2*j - 310 = 0. What is the greatest common factor of d and 106?
53
Suppose 21*w + 139 = -71. Let u be (-2)/w*4 + (-24180)/(-150). What is the greatest common divisor of u and 6?
6
Let p(m) = -2*m - 1. Let d(q) = -7*q + 53. Let z(g) = d(g) - 6*p(g). Let t be z(-8). What is the greatest common factor of t and 304?
19
Let g be (-2186)/(-8) + (-13)/52. Let l = g - 216. Calculate the highest common factor of 19 and l.
19
Let h be (-22)/(220/(-6170)) - 8. What is the highest common divisor of h and 42?
21
Let x be (168/(-32))/((-8)/(-68) - (-35)/(-272)). Calculate the highest common factor of 986 and x.
34
Suppose 6*l - 140 - 184 = -4*x, 4*l - 24 = 0. Calculate the greatest common divisor of 36 and x.
36
Let b be 224/3 - (-5)/15. Let j be 1/(-2) - b/(-6). Let o(x) = 4*x**2 - 25*x + 9. Let d be o(6). What is the highest common divisor of d and j?
3
Suppose -g + 4*v = -93, -v = -4*v - 3. Let q = 94 - g. Suppose 0*h = 5*j + h - 813, -q*j + 798 = -4*h. What is the highest common factor of 18 and j?
18
Suppose -355 = -3*j + 401. Suppose -7416 = -6*t - 97*t. Calculate the highest common divisor of j and t.
36
Suppose -91*y + 21381 = -0*y - 40954. Calculate the greatest common factor of 1233 and y.
137
Suppose 3*g + 0 = 12, l + 4*g - 41 = 0. Suppose 0 = -3*d + 2*d - a - 21, -58 = 2*d - 2*a. Let n = d + 50. Calculate the highest common divisor of l and n.
25
Let h be -12 + 260/10 + 12. Calculate the highest common factor of h and 1664.
26
Let u(m) = -407*m - 3420. Let p be u(-36). Calculate the highest common factor of p and 48.
48
Suppose 21791 = -36*t + 100775. Suppose 15*n = 146 + t. What is the highest common divisor of 39 and n?
39
Let p(j) = 2*j**2 + 18*j - 55. Let m = 269 + -281. Let v be p(m). What is the highest common factor of 153 and v?
17
Let p be (-1)/(-1) - (-310 - -206). Calculate the highest common factor of p and 120.
15
Let t(q) = q**3 - 9*q**2 - 25*q + 28. Let r be t(15). Suppose -5*u + 3*j = -r, -2*j + 519 = 4*u - 279. What is the highest common factor of u and 30?
10
Let c = -272 - -274. Let o = 166 + -129. Calculate the highest common factor of c and o.
1
Suppose 16*m + 227640 = 72*m. What is the greatest common factor of 45 and m?
15
Let a(q) = 10*q**2 + 25*q - 6. Let w be a(-3). Suppose -w*d = 4*d - 624. Calculate the greatest common divisor of d and 1104.
48
Let v = 51 + -2. Suppose 513*y - 516*y = -6*z - 1635, -2*y + 2*z + 1084 = 0. Calculate the highest common divisor of v and y.
49
Let s = 265 + -259. Let f be (0 - (-6)/4)*6. Suppose 0 = n - f - 6. Calculate the greatest common factor of s and n.
3
Let z = 7068 + -1733. Let a be z/330 - (-1)/12*-2. What is the highest common factor of a and 36?
4
Suppose 3*q - 2*m = -5, -m + 6 + 4 = -4*q. Let p be q*(((-136)/6)/2 - 3). What is the highest common factor of 344 and p?
43
Let h = 9983 - 5558. What is the greatest common factor of 150 and h?
75
Suppose 2*o = 3*o + 3*h - 179, -o + 158 = -4*h. Let f = -285 + o. Let i be (-3)/(-3) + 1 - (f + 2). What is the highest common factor of 46 and i?
23
Let h(a) = -16*a + 5*a**3 - 5 + 10*a**2 - 4 - 6*a**3. Let t be h(7). Let l = t - 6. Calculate the highest common factor of l and 180.
20
Suppose 3*d - 14*d = 22*d - 152460. Calculate the highest common factor of 168 and d.
84
Let o = -15960 + 16067. Calculate the greatest common divisor of 13696 and o.
107
Let c(l) = 56*l**2 - 3*l + 2. Let n be c(1). Suppose -3136 = -6*z + 3*z + i, -3138 = -3*z + 3*i. What is the greatest common factor of n and z?
55
Let n(p) = -2*p**2 - 11*p - 20. Let t be n(-3). Let s(y) = y**3 + 8*y**2 + 9*y - 9. Let c be s(t). Calculate the greatest common factor of c and 294.
21
Let u = -56 - -57. Let h be 77 + (1 - (-3)/u). Suppose h = 4*z - 79. What is the greatest common divisor of z and 30?
10
Let t(p) = -5*p**3 + 9*p**2 - 7*p - 27. Let y be t(-5). Let h = -833 + y. What is the greatest common factor of h and 425?
25
Let y be 9/6*((-28)/6 - -4). Let w be (y + 3/(-2))*252/(-105). Calculate the greatest common factor of 90 and w.
6
Suppose -3985*k = -3920*k - 124487 + 41742. What is the greatest common divisor of 19 and k?
19
Let g be (-2)/11 - 1/(99/(-5364)). Suppose 0 = 2*l - k + 2 - 46, -4*l = 5*k - 116. What is the highest common divisor of l and g?
6
Suppose 5*n + 142 = 4*g, 0 = -16*g + 17*g - 4*n - 19. Calculate the greatest common factor of 2537 and g.
43
Let a = 703 - 666. Suppose -h - 328 = -l, 4*l = -4*h - h + 1357. What is the greatest common factor of a and l?
37
Let b(c) = 4*c. Let f be b(16). What is the greatest common divisor of 512 and f?
64
Let p be 6 + (-437)/76 + ((-319)/(-4) - 0). Calculate the highest common divisor of p and 100.
20
Suppose -30 = -11*z + 245. Let b be (2340/z)/(-2 - (-22)/10). Let i be b/21 + 2/(-7). Calculate the highest common divisor of 110 and i.
22
Suppose 29*i - 7905 = 52183. What is